 p. What are the prime factors of w?
3
Let l(g) = -35 - 6*g**2 + 0*g**3 - 5*g + 34 - 2*g**3 - 8*g**3. List the prime factors of l(-3).
2, 5, 23
Let x(z) = -z**3 + 15*z**2 - 5*z - 37. Let q be x(15). Let i = 10 - q. List the prime factors of i.
2, 61
Let l(i) = 216*i**2 + 27*i + 219. What are the prime factors of l(11)?
2, 3, 2221
Suppose -4*j + 342*y = 340*y - 2060, -515 = -j + y. What are the prime factors of j?
5, 103
Suppose -29*k - 85*k - 14*k + 7294592 = 0. What are the prime factors of k?
56989
Suppose p - 3 = 0, -4*m - 222 = -3*p + 3. Let q = m - -129. Let y = q - 52. List the prime factors of y.
23
Suppose -c = -3*k - 820, 9*k + 3*c - 1100 = 13*k. Let j = 406 + k. What are the prime factors of j?
2, 67
Let z = -28440 + 36424. List the prime factors of z.
2, 499
Suppose -77*j = -81*j + 8, 0 = -3*v + 2*j + 1607. List the prime factors of v.
3, 179
Suppose x - m - 24 = 2*x, 0 = -3*x + 4*m - 79. Let l = 36 + x. Let i = l - -64. List the prime factors of i.
3, 5
Let q(d) = -326*d + 2243. What are the prime factors of q(-28)?
83, 137
Let o = -1595 - -3353. What are the prime factors of o/54*31 - 2/9?
1009
Let t(l) = 35*l - 247. List the prime factors of t(90).
2903
Let d(j) = 5*j - 22. Let x be d(5). Suppose f + x*s + s = 424, 2060 = 5*f + 5*s. List the prime factors of f.
2, 3, 17
List the prime factors of (19624/(-84) - 6/(-21))/((-3)/72).
2, 5, 7
Suppose 10*y - 102 = 38. Suppose -y*s = -9*s. List the prime factors of s + -4 + 2*52.
2, 5
Let j be 1/(2*3/54). Let w = -13 + j. List the prime factors of w - (8/(-2) + -65).
5, 13
Let x(c) = c**3 + 4*c**2 - 12*c - 1. Let p be x(-6). Let w be p/3 + 1264/48. What are the prime factors of 6/6 - (-1 - w)?
2, 7
Suppose 2*b - 2*u - 13676 = 0, 0 = -b + 4*u - 7*u + 6854. What are the prime factors of b?
2, 11, 311
Suppose 614*t - 56350 = 604*t. What are the prime factors of t?
5, 7, 23
Suppose -136*b + 799280 = -2445086 + 818262. List the prime factors of b.
17839
What are the prime factors of -2 - (234/(-36) - -9 - 28993/2)?
2, 3623
Let q(v) = 5*v**2. Let s be q(-1). Suppose -s*z - 14 = -12*z. Suppose -5*i + 426 = z*y, -i - 2*y = -2*i + 90. What are the prime factors of i?
2, 43
Let v = -49607 + 87010. List the prime factors of v.
113, 331
Suppose 5*i + 4*s - 35187 = 0, 2*s + 10782 = 2*i - 3282. List the prime factors of i.
3, 5, 7, 67
Let d(z) be the first derivative of -z**4/4 - 4*z**3/3 + 2*z**2 - 15*z - 31. Suppose -44 = 4*h - 12. What are the prime factors of d(h)?
11, 19
Let c(p) = p**2 + 14*p - 10. Let n be c(-15). Suppose 2 = n*i - 4*j + 236, -3*i - 141 = -3*j. Let d = 68 + i. List the prime factors of d.
2, 11
Let v = 19336 + -7015. What are the prime factors of v?
3, 37
Let c = -418 + 481. Let x be (-4 - -9) + 0 + 0. Suppose -2*i - x*q = -i - c, 93 = i - q. List the prime factors of i.
2, 11
Let h be ((48/5)/2)/((-6)/(-4540)). Suppose h = 9*x + 716. What are the prime factors of x?
2, 3
Suppose -m - 4*w + 3*w + 16 = 0, m - 3*w = 0. Suppose m*t + o + 103 = 14*t, 5*o = 25. What are the prime factors of t?
2, 3
Let v be (-3)/((-6)/(1242/9)). Suppose 4*s = 556 + 228. Let l = s + v. List the prime factors of l.
5, 53
Suppose 3*r - 4*g - 59344 = 0, -r + 2*g = -9059 - 10719. What are the prime factors of r?
2, 3, 17, 97
Let x = 74 + -81. Let t be (-4)/1 + (x - 0)*-1. Let m(a) = 57*a - 10. What are the prime factors of m(t)?
7, 23
Let f be (-2)/(-14) + 42/49. Let o(k) = 2*k + 3. Let v be o(f). Suppose -v*t - 593 = -5*u + 2*u, -u + 211 = 5*t. List the prime factors of u.
3, 67
Let m = -85 - -132. Suppose m - 37 = 5*q. Suppose 0 = -5*k - 4*s + 790, -q*k + 0*k = 2*s - 318. What are the prime factors of k?
2, 7, 11
Let i = 10779 - 4773. Suppose -111*k + 98*k + i = 0. What are the prime factors of k?
2, 3, 7, 11
Let k be ((-14)/3)/7*-6. Suppose -2*v - k = -4*v - 3*n, v - 3*n = 2. Suppose -2*r - 284 = -4*b, 5*b = -r - v*r + 377. List the prime factors of b.
73
Let v(x) = -10*x - 94. Let r be v(-13). What are the prime factors of ((-18)/r)/((-2)/1348)?
337
Suppose 0 = -121*i + 98*i + 161. Suppose -60 = i*t - 256. What are the prime factors of t?
2, 7
Let y be (30/2)/3 - 103. Let t = -56 - -21. Let r = t - y. List the prime factors of r.
3, 7
Suppose 3*l - 10109 = -3*s + 12220, -7*l - 29827 = -4*s. What are the prime factors of s?
2, 7, 19
What are the prime factors of (-77976)/(-10) + 20*(-8)/(-400)?
2, 7, 557
Let g = -953 + 290. Let m = g + 1393. List the prime factors of m.
2, 5, 73
Let n = 122 - 119. List the prime factors of -6 - n/(15/(-3940)).
2, 17, 23
Let f(p) = -32 + 784*p + 22 - 44. List the prime factors of f(2).
2, 757
Let h be ((-50)/15 - -1)*-3. Let m(n) = -4 + n - 32*n + h*n + 22. List the prime factors of m(-6).
2, 3
Let h = -171 + 45. Let w = h + 128. Suppose -l - w*x = -222, -6*l + 5*x = -4*l - 417. What are the prime factors of l?
2, 3
Suppose 41*y = 36*y + 4565. Let j = -387 + y. What are the prime factors of j?
2, 263
Let k = -74 - -76. Suppose 2*t = -6, -2*t - 1599 = -k*c + t. Suppose 724 = 7*f - c. List the prime factors of f.
7, 31
Let x be ((-11)/4)/(2*6/96). Let q(k) = -k**3 - 19*k**2 + 26*k + 50. Let a be q(x). Suppose -6*g + 0*g = -a. List the prime factors of g.
5, 31
What are the prime factors of 1/(38/(-171) + 22/18)*28109?
28109
Let z(u) = u**3 + 20*u**2 + 3*u + 5. Let j be z(-20). Let i = 59 + j. Suppose 0 = -i*o + 320 + 156. List the prime factors of o.
7, 17
Suppose -7*d = -12*d - 345. Let o = d - -70. List the prime factors of 1 - o - 825/(-5).
3, 5, 11
Suppose -2*n + 3*q = -18918, -42*n = -47*n + 2*q + 47273. What are the prime factors of n?
3, 23, 137
Let i be 68/18 + (-6)/(-27). Let o be i/12 + (-520)/(-15). What are the prime factors of o/5*2*6?
2, 3, 7
Suppose -413797 - 710407 = -127*w. What are the prime factors of w?
2, 2213
Let m(d) = 34*d**3 - 10*d**2 - 43*d + 283. What are the prime factors of m(8)?
3, 5569
Let g = 13 + 5. Suppose g*v - 5 = 13*v. List the prime factors of v/(4/860*1).
5, 43
Let w(c) = -802*c + 162. What are the prime factors of w(-8)?
2, 11, 13, 23
Suppose g - 5*o = 32, -4*g = -5*g + 4*o + 30. Let i = -20 + g. Suppose 0 = -i*w - 4, -3*m + 3*w + 91 = w. What are the prime factors of m?
29
List the prime factors of 2728 - 6/(-9)*12.
2, 3, 19
Let p(k) = k**3 + k**2 + 3*k - 4. Let f be (0 + -2 - -3)*4. Let v be p(f). Suppose 2*a - v = 58. List the prime factors of a.
73
Suppose -918 = 9*b - 3*b. Let z be (b/34)/(3/(-2)). Suppose -3*f = z*a - 477, 6*a - 353 = 4*a + 5*f. What are the prime factors of a?
2, 41
Let i = -184 + -40. Let s = 379 + i. What are the prime factors of s?
5, 31
Suppose 61*w = -46*w + 92*w + 118305. List the prime factors of w.
3, 11, 239
What are the prime factors of (2 + -1 - 19)*(-165048)/468?
2, 3, 23
Suppose k - 56 = -6*k. Suppose -15*r + k = -7. What are the prime factors of -1 + r - (-1 + 50)*-1?
7
Suppose 13*j = 19 + 46. Suppose -m - 2*i + 1281 = 0, -4*m + j*i = -1048 - 4089. What are the prime factors of m?
1283
Let z be (-7)/14*(-4378 - (2 - 2)). Suppose 1082 = l + 5*x, 0 = 2*l - 0*x + 5*x - z. List the prime factors of l.
3, 41
Suppose 4*m - 28487 = 5*k, 215*k - 212*k = 2*m - 14245. List the prime factors of m.
2, 3559
Suppose -164293 = -4*f + 21*n - 18*n, n + 164279 = 4*f. List the prime factors of f.
2, 10267
Let r be (-11 + 9)/(2/(498/3)). Let x = -136 - r. List the prime factors of x.
2, 3, 5
Let f(u) = -1275*u**3 - 4*u**2 - 11*u - 6. List the prime factors of f(-1).
2, 11, 29
Suppose 50744 = -328*v + 336*v. What are the prime factors of v?
6343
Suppose -123*l + 249561 = -84*l. List the prime factors of l.
3, 79
Let r(f) = f**3 + 17*f**2 - 42*f + 135. What are the prime factors of r(-14)?
3, 19, 23
Let z(g) = -10*g**2 + 16*g + 1. Let x(k) = -17*k**2 + 30*k + 2. Let s(r) = 4*x(r) - 7*z(r). Suppose -p - 2*p - 27 = 0. What are the prime factors of s(p)?
7, 13
Let v(r) = -13*r - 76. Let x be v(-6). Suppose -x*o + i + i + 324 = 0, 0 = i. What are the prime factors of o?
2, 3
Let f(g) = 116*g**2 + 231*g - 1922. What are the prime factors of f(9)?
41, 233
Suppose 3*v + 5*s = 11881, 0 = -9*v + 4*v + s + 19755. Suppose 2015 + v = 17*x. What are the prime factors of x?
3, 13
Suppose 4*p + 3223 = 48035 + 13684. List the prime factors of p.
2, 457
Let o = 12199 + -42736. What are the prime factors of (9/(-21))/(-1) + o/(